{"id":1693,"date":"2026-01-12T16:43:20","date_gmt":"2026-01-12T20:43:20","guid":{"rendered":"https:\/\/inac.edu.bo\/wordpress\/?page_id=1693"},"modified":"2026-01-13T09:04:10","modified_gmt":"2026-01-13T13:04:10","slug":"vestibular-piloto-privado","status":"publish","type":"page","link":"https:\/\/inac.edu.bo\/wordpress\/index.php\/vestibular-piloto-privado\/","title":{"rendered":"Vestibular Piloto Privado"},"content":{"rendered":"\n<div class=\"wp-block-stackable-columns alignfull stk-block-columns stk-block stk-6d7f4a6 stk-block-background\" id=\"heading-placeholder\" data-block-id=\"6d7f4a6\"><style>.stk-6d7f4a6 .stk--block-align-6d7f4a6{align-items:stretch !important;}.stk-6d7f4a6 {padding-top:var(--stk--preset--spacing--70, 3.38rem) !important;padding-right:var(--stk--preset--spacing--70, 3.38rem) !important;padding-bottom:var(--stk--preset--spacing--70, 3.38rem) !important;padding-left:var(--stk--preset--spacing--70, 3.38rem) !important;margin-bottom:0px !important;}.stk-6d7f4a6-column{--stk-columns-spacing:var(--stk--preset--spacing--20, 10px) !important;flex-wrap:wrap !important;--stk-flex-grow:0 !important;}<\/style><div class=\"stk-row stk-inner-blocks stk--block-align-6d7f4a6 stk-block-content stk-content-align stk-6d7f4a6-column alignwide\">\n<div class=\"wp-block-stackable-column stk-block-column stk-column stk-block stk-12a801e\" data-v=\"4\" data-block-id=\"12a801e\"><style>.stk-12a801e-inner-blocks{justify-content:center !important;}.stk-12a801e-container{background-image:url(https:\/\/inac.edu.bo\/wordpress\/wp-content\/uploads\/2025\/07\/FondoCarrera04.jpg) !important;}.stk-12a801e-container:before{background-color:#000000 !important;opacity:0.4 !important;}<\/style><div class=\"stk-column-wrapper stk-block-column__content stk-container stk-12a801e-container stk-hover-parent stk--has-background-overlay\"><div class=\"stk--column-flex stk-block-content stk-inner-blocks stk-12a801e-inner-blocks\">\n<div class=\"wp-block-stackable-heading stk-block-heading stk-block-heading--v2 stk-block stk-2966add\" id=\"heading-placeholder\" data-block-id=\"2966add\"><style>.stk-2966add .stk-block-heading__text{color:#ffffff !important;}<\/style><h2 class=\"stk-block-heading__text has-text-color\">Vestibular Piloto Privado<\/h2><\/div>\n\n\n\n<div class=\"wp-block-stackable-text stk-block-text stk-block stk-355adaa\" id=\"heading-placeholder\" data-block-id=\"355adaa\"><style>.stk-355adaa .stk-block-text__text{color:#ffffff !important;}<\/style><p class=\"stk-block-text__text has-text-color\">Cursos &amp; Carreras<\/p><\/div>\n<\/div><\/div><\/div>\n\n\n\n<div class=\"wp-block-stackable-column stk-block-column stk-column stk-block stk-b285396\" data-v=\"4\" data-block-id=\"b285396\"><div class=\"stk-column-wrapper stk-block-column__content stk-container stk-b285396-container stk--no-background stk--no-padding\"><div class=\"stk-block-content stk-inner-blocks stk-b285396-inner-blocks\">\n<div class=\"wp-block-stackable-carousel stk-block-carousel stk--is-slide stk--infinite-scroll stk--arrows-justify-space-between stk--arrows-align-center stk-block stk-68a592b\" data-slides-to-show=\"\" data-block-id=\"68a592b\"><style>.stk-68a592b .stk-block-carousel__dots{justify-content:flex-end !important;--dot-offset:-30px !important;}.stk-68a592b .stk-block-carousel__dot{--dot-color-hover:#ffffff !important;}.stk-68a592b .stk-block-carousel__dot.stk-block-carousel__dot--active:before{background-color:#ffffff !important;}<\/style><div class=\"stk-block-carousel__content-wrapper\"><div class=\"stk-row stk-inner-blocks stk-block-content stk-block-carousel__slider-wrapper stk-content-align stk-68a592b-column\"><div class=\"stk-block-carousel__slider\" role=\"list\" data-autoplay=\"3000\" data-label-slide-of=\"Slide %%d of %%d\" tabindex=\"0\">\n<div class=\"wp-block-stackable-column stk-block-column stk-column stk-block stk-45dcf61\" data-v=\"4\" data-block-id=\"45dcf61\"><div class=\"stk-column-wrapper stk-block-column__content stk-container stk-45dcf61-container stk--no-background stk--no-padding\"><div class=\"stk-block-content stk-inner-blocks stk-45dcf61-inner-blocks\">\n<div class=\"wp-block-stackable-image stk-block-image stk-block stk-070bfdf\" data-block-id=\"070bfdf\"><style>.stk-070bfdf .stk-img-wrapper{height:500px !important;}<\/style><figure><span class=\"stk-img-wrapper stk-image--shape-stretch\"><img loading=\"lazy\" decoding=\"async\" class=\"stk-img wp-image-1571\" src=\"https:\/\/inac.edu.bo\/wordpress\/wp-content\/uploads\/2026\/01\/Cessna01.jpg\" width=\"1280\" height=\"960\" srcset=\"https:\/\/inac.edu.bo\/wordpress\/wp-content\/uploads\/2026\/01\/Cessna01.jpg 1280w, https:\/\/inac.edu.bo\/wordpress\/wp-content\/uploads\/2026\/01\/Cessna01-300x225.jpg 300w, https:\/\/inac.edu.bo\/wordpress\/wp-content\/uploads\/2026\/01\/Cessna01-1024x768.jpg 1024w, https:\/\/inac.edu.bo\/wordpress\/wp-content\/uploads\/2026\/01\/Cessna01-768x576.jpg 768w\" sizes=\"auto, (max-width: 1280px) 100vw, 1280px\" \/><\/span><\/figure><\/div>\n<\/div><\/div><\/div>\n\n\n\n<div class=\"wp-block-stackable-column stk-block-column stk-column stk-block stk-88917c9\" data-v=\"4\" data-block-id=\"88917c9\"><div class=\"stk-column-wrapper stk-block-column__content stk-container stk-88917c9-container stk--no-background stk--no-padding\"><div class=\"stk-block-content stk-inner-blocks stk-88917c9-inner-blocks\">\n<div class=\"wp-block-stackable-image stk-block-image stk-block stk-b07d42b\" data-block-id=\"b07d42b\"><style>.stk-b07d42b .stk-img-wrapper{height:500px !important;}<\/style><figure><span class=\"stk-img-wrapper stk-image--shape-stretch\"><img loading=\"lazy\" decoding=\"async\" class=\"stk-img wp-image-1697\" src=\"https:\/\/inac.edu.bo\/wordpress\/wp-content\/uploads\/2026\/01\/emilio-montalvo-imagenes-465.jpg\" width=\"1600\" height=\"778\" srcset=\"https:\/\/inac.edu.bo\/wordpress\/wp-content\/uploads\/2026\/01\/emilio-montalvo-imagenes-465.jpg 1600w, https:\/\/inac.edu.bo\/wordpress\/wp-content\/uploads\/2026\/01\/emilio-montalvo-imagenes-465-300x146.jpg 300w, https:\/\/inac.edu.bo\/wordpress\/wp-content\/uploads\/2026\/01\/emilio-montalvo-imagenes-465-1024x498.jpg 1024w, https:\/\/inac.edu.bo\/wordpress\/wp-content\/uploads\/2026\/01\/emilio-montalvo-imagenes-465-768x373.jpg 768w, https:\/\/inac.edu.bo\/wordpress\/wp-content\/uploads\/2026\/01\/emilio-montalvo-imagenes-465-1536x747.jpg 1536w\" sizes=\"auto, (max-width: 1600px) 100vw, 1600px\" \/><\/span><\/figure><\/div>\n<\/div><\/div><\/div>\n\n\n\n<div class=\"wp-block-stackable-column stk-block-column stk-column stk-block stk-dc4b007\" data-v=\"4\" data-block-id=\"dc4b007\"><div class=\"stk-column-wrapper stk-block-column__content stk-container stk-dc4b007-container stk--no-background stk--no-padding\"><div class=\"stk-block-content stk-inner-blocks stk-dc4b007-inner-blocks\">\n<div class=\"wp-block-stackable-image stk-block-image stk-block stk-d8bd6d5\" data-block-id=\"d8bd6d5\"><style>.stk-d8bd6d5 .stk-img-wrapper{height:500px !important;}.stk-d8bd6d5 .stk-img-wrapper img{object-position:27% 50% !important;}<\/style><figure><span class=\"stk-img-wrapper stk-image--shape-stretch\"><img loading=\"lazy\" decoding=\"async\" class=\"stk-img wp-image-1698\" src=\"https:\/\/inac.edu.bo\/wordpress\/wp-content\/uploads\/2026\/01\/emilio-montalvo-imagenes-012.jpg\" width=\"1280\" height=\"960\" srcset=\"https:\/\/inac.edu.bo\/wordpress\/wp-content\/uploads\/2026\/01\/emilio-montalvo-imagenes-012.jpg 1280w, https:\/\/inac.edu.bo\/wordpress\/wp-content\/uploads\/2026\/01\/emilio-montalvo-imagenes-012-300x225.jpg 300w, https:\/\/inac.edu.bo\/wordpress\/wp-content\/uploads\/2026\/01\/emilio-montalvo-imagenes-012-1024x768.jpg 1024w, https:\/\/inac.edu.bo\/wordpress\/wp-content\/uploads\/2026\/01\/emilio-montalvo-imagenes-012-768x576.jpg 768w\" sizes=\"auto, (max-width: 1280px) 100vw, 1280px\" \/><\/span><\/figure><\/div>\n<\/div><\/div><\/div>\n<\/div><\/div><div class=\"stk-block-carousel__dots\" role=\"list\" data-label=\"Slide %%d\"><\/div><\/div><\/div>\n<\/div><\/div><\/div>\n<\/div><\/div>\n\n\n\n<div class=\"wp-block-stackable-columns alignfull stk-block-columns stk-block stk-5a869dd\" data-block-id=\"5a869dd\"><style>.stk-5a869dd {margin-top:var(--stk--preset--spacing--70, 3.38rem) !important;margin-bottom:var(--stk--preset--spacing--70, 3.38rem) !important;}<\/style><div class=\"stk-row stk-inner-blocks stk-block-content stk-content-align stk-5a869dd-column alignwide\">\n<div class=\"wp-block-stackable-column stk-block-column stk-column stk-block stk-d502ab0\" data-v=\"4\" data-block-id=\"d502ab0\"><div class=\"stk-column-wrapper stk-block-column__content stk-container stk-d502ab0-container stk--no-background stk--no-padding\"><div class=\"stk-block-content stk-inner-blocks stk-d502ab0-inner-blocks\">\n<div class=\"wp-block-stackable-heading stk-block-heading stk-block-heading--v2 stk-block stk-0ff630f\" id=\"inscripcion-vestibular-piloto-privado\" data-block-id=\"0ff630f\"><h2 class=\"stk-block-heading__text has-text-align-center\">Inscripci\u00f3n Vestibular Piloto Privado<\/h2><\/div>\n\n\n\n<div class=\"wp-block-stackable-timeline stk-block-timeline stk-block-timeline--right stk-block stk-3c1218f\" data-block-id=\"3c1218f\"><style>.stk-3c1218f {--content-line:0px !important;}@media screen and (max-width:689px){.stk-3c1218f .stk-inner-blocks:after{top:16px !important;}}<\/style><div class=\"stk-row stk-inner-blocks stk-block-content stk-content-align stk-3c1218f-column\"><div class=\"stk-block-timeline__date\">Lunes 23, febrero 2026<\/div><div class=\"stk-block-timeline__middle\"><\/div><div class=\"stk-block-timeline__content\">\n<div class=\"wp-block-stackable-column stk-block-column stk-column stk-block stk-54edeab\" data-v=\"4\" data-block-id=\"54edeab\"><div class=\"stk-column-wrapper stk-block-column__content stk-container stk-54edeab-container stk--no-background stk--no-padding\"><div class=\"stk-block-content stk-inner-blocks stk-54edeab-inner-blocks\">\n<div class=\"wp-block-stackable-heading stk-block-heading stk-block-heading--v2 stk-block stk-1148f3a\" id=\"title-1-placeholder\" data-block-id=\"1148f3a\"><style>.stk-1148f3a {margin-bottom:16px !important;}<\/style><h3 class=\"stk-block-heading__text\">Inicio de Inscripciones<\/h3><\/div>\n\n\n\n<div class=\"wp-block-stackable-text stk-block-text stk-block stk-2763f16\" data-block-id=\"2763f16\"><p class=\"stk-block-text__text\">Comienza tus sue\u00f1os con este primer paso.<\/p><\/div>\n<\/div><\/div><\/div>\n<\/div><\/div><\/div>\n\n\n\n<div class=\"wp-block-stackable-timeline stk-block-timeline stk-block-timeline--left stk-is-last stk-block stk-63ff782\" data-block-id=\"63ff782\"><style>.stk-63ff782 {--content-line:0px !important;}@media screen and (max-width:689px){.stk-63ff782 .stk-inner-blocks:after{top:16px !important;bottom:calc(0px + (100% - 0px) - 16px) !important;}}<\/style><div class=\"stk-row stk-inner-blocks stk-block-content stk-content-align stk-63ff782-column\"><div class=\"stk-block-timeline__date\">Viernes 6, marzo 2026<\/div><div class=\"stk-block-timeline__middle\"><\/div><div class=\"stk-block-timeline__content\">\n<div class=\"wp-block-stackable-column stk-block-column stk-column stk-block stk-bee1c2b\" data-v=\"4\" data-block-id=\"bee1c2b\"><style>.stk-bee1c2b-container{margin-top:0px !important;margin-right:0px !important;margin-bottom:0px !important;margin-left:0px !important;}<\/style><div class=\"stk-column-wrapper stk-block-column__content stk-container stk-bee1c2b-container stk--no-background stk--no-padding\"><div class=\"has-text-align-right stk-block-content stk-inner-blocks stk-bee1c2b-inner-blocks\">\n<div class=\"wp-block-stackable-heading stk-block-heading stk-block-heading--v2 stk-block stk-ce01b4b\" id=\"title-2-placeholder\" data-block-id=\"ce01b4b\"><style>.stk-ce01b4b {margin-bottom:16px !important;}<\/style><h3 class=\"stk-block-heading__text\">Finalizaci\u00f3n de Inscripciones<\/h3><\/div>\n\n\n\n<div class=\"wp-block-stackable-text stk-block-text stk-block stk-53dfe39\" data-block-id=\"53dfe39\"><p class=\"stk-block-text__text\">Fecha l\u00edmite de inscripci\u00f3n.<\/p><\/div>\n<\/div><\/div><\/div>\n<\/div><\/div><\/div>\n\n\n\n<div class=\"wp-block-stackable-heading stk-block-heading stk-block-heading--v2 stk-block stk-ef86a79\" id=\"cursos-vestibulares-piloto-privado\" data-block-id=\"ef86a79\"><style>.stk-ef86a79 {margin-top:48px !important;}<\/style><h2 class=\"stk-block-heading__text has-text-align-center\">Cursos Vestibulares Piloto Privado<\/h2><\/div>\n\n\n\n<div class=\"wp-block-stackable-timeline stk-block-timeline stk-block-timeline--left stk-block stk-b7e4273\" data-block-id=\"b7e4273\"><style>.stk-b7e4273 {--content-line:0px !important;}@media screen and (max-width:689px){.stk-b7e4273 .stk-inner-blocks:after{top:16px !important;}}<\/style><div class=\"stk-row stk-inner-blocks stk-block-content stk-content-align stk-b7e4273-column\"><div class=\"stk-block-timeline__date\">lunes 9, marzo 2026<\/div><div class=\"stk-block-timeline__middle\"><\/div><div class=\"stk-block-timeline__content\">\n<div class=\"wp-block-stackable-column stk-block-column stk-column stk-block stk-ca64002\" data-v=\"4\" data-block-id=\"ca64002\"><style>.stk-ca64002-container{margin-top:0px !important;margin-right:0px !important;margin-bottom:0px !important;margin-left:0px !important;}<\/style><div class=\"stk-column-wrapper stk-block-column__content stk-container stk-ca64002-container stk--no-background stk--no-padding\"><div class=\"has-text-align-right stk-block-content stk-inner-blocks stk-ca64002-inner-blocks\">\n<div class=\"wp-block-stackable-heading stk-block-heading stk-block-heading--v2 stk-block stk-64c1c68\" id=\"title-3-placeholder\" data-block-id=\"64c1c68\"><style>.stk-64c1c68 {margin-bottom:16px !important;}<\/style><h3 class=\"stk-block-heading__text\">Inicio de Vestibular<\/h3><\/div>\n\n\n\n<div class=\"wp-block-stackable-text stk-block-text stk-block stk-0959356\" data-block-id=\"0959356\"><p class=\"stk-block-text__text\">Prep\u00e1rate para volar con nosotros!<\/p><\/div>\n<\/div><\/div><\/div>\n<\/div><\/div><\/div>\n\n\n\n<div class=\"wp-block-stackable-timeline stk-block-timeline stk-block-timeline--right stk-is-last stk-block stk-cb637e0\" data-block-id=\"cb637e0\"><style>.stk-cb637e0 {--content-line:0px !important;}@media screen and (max-width:689px){.stk-cb637e0 .stk-inner-blocks:after{top:16px !important;bottom:calc(0px + (100% - 0px) - 16px) !important;}}<\/style><div class=\"stk-row stk-inner-blocks stk-block-content stk-content-align stk-cb637e0-column\"><div class=\"stk-block-timeline__date\">Viernes 20, marzo 2026<\/div><div class=\"stk-block-timeline__middle\"><\/div><div class=\"stk-block-timeline__content\">\n<div class=\"wp-block-stackable-column stk-block-column stk-column stk-block stk-7ac6e6d\" data-v=\"4\" data-block-id=\"7ac6e6d\"><style>.stk-7ac6e6d-container{margin-top:0px !important;margin-right:0px !important;margin-bottom:0px !important;margin-left:0px !important;}<\/style><div class=\"stk-column-wrapper stk-block-column__content stk-container stk-7ac6e6d-container stk--no-background stk--no-padding\"><div class=\"stk-block-content stk-inner-blocks stk-7ac6e6d-inner-blocks\">\n<div class=\"wp-block-stackable-heading stk-block-heading stk-block-heading--v2 stk-block stk-f64d5dd\" id=\"title-4-placeholder\" data-block-id=\"f64d5dd\"><style>.stk-f64d5dd {margin-bottom:16px !important;}<\/style><h3 class=\"stk-block-heading__text\">Finalizaci\u00f3n de Vestibulares<\/h3><\/div>\n\n\n\n<div class=\"wp-block-stackable-text stk-block-text stk-block stk-d942539\" data-block-id=\"d942539\"><p class=\"stk-block-text__text\">Ahora estas preparado!<\/p><\/div>\n<\/div><\/div><\/div>\n<\/div><\/div><\/div>\n\n\n\n<div class=\"wp-block-stackable-heading stk-block-heading stk-block-heading--v2 stk-block stk-916e179\" id=\"inscripcion-de-curso-regular-piloto-privado\" data-block-id=\"916e179\"><style>.stk-916e179 {margin-top:48px !important;}<\/style><h2 class=\"stk-block-heading__text has-text-align-center\">Inscripci\u00f3n de Curso Regular Piloto Privado<\/h2><\/div>\n\n\n\n<div class=\"wp-block-stackable-timeline stk-block-timeline stk-block-timeline--left stk-block stk-ff4fdaf\" id=\"cursos-vestibulares-piloto-privado\" data-block-id=\"ff4fdaf\"><style>.stk-ff4fdaf {--content-line:0px !important;}@media screen and (max-width:689px){.stk-ff4fdaf .stk-inner-blocks:after{top:16px !important;}}<\/style><div class=\"stk-row stk-inner-blocks stk-block-content stk-content-align stk-ff4fdaf-column\"><div class=\"stk-block-timeline__date\">Mi\u00e9rcoles 25, marzo 2026<\/div><div class=\"stk-block-timeline__middle\"><\/div><div class=\"stk-block-timeline__content\">\n<div class=\"wp-block-stackable-column stk-block-column stk-column stk-block stk-51a8116\" data-v=\"4\" data-block-id=\"51a8116\"><style>.stk-51a8116-container{margin-top:0px !important;margin-right:0px !important;margin-bottom:0px !important;margin-left:0px !important;}<\/style><div class=\"stk-column-wrapper stk-block-column__content stk-container stk-51a8116-container stk--no-background stk--no-padding\"><div class=\"has-text-align-right stk-block-content stk-inner-blocks stk-51a8116-inner-blocks\">\n<div class=\"wp-block-stackable-heading stk-block-heading stk-block-heading--v2 stk-block stk-4136afd\" id=\"title-3-placeholder\" data-block-id=\"4136afd\"><style>.stk-4136afd {margin-bottom:16px !important;}<\/style><h3 class=\"stk-block-heading__text\">Inscripciones al Curso Regular<\/h3><\/div>\n\n\n\n<div class=\"wp-block-stackable-text stk-block-text stk-block stk-087be58\" data-block-id=\"087be58\"><p class=\"stk-block-text__text\">Re\u00fane todos los requisitos<\/p><\/div>\n<\/div><\/div><\/div>\n<\/div><\/div><\/div>\n\n\n\n<div class=\"wp-block-stackable-timeline stk-block-timeline stk-block-timeline--right stk-is-last stk-block stk-8bf039f\" data-block-id=\"8bf039f\"><style>.stk-8bf039f {--content-line:0px !important;}@media screen and (max-width:689px){.stk-8bf039f .stk-inner-blocks:after{top:16px !important;bottom:calc(0px + (100% - 0px) - 16px) !important;}}<\/style><div class=\"stk-row stk-inner-blocks stk-block-content stk-content-align stk-8bf039f-column\"><div class=\"stk-block-timeline__date\">Jueves 2, abril 2026<\/div><div class=\"stk-block-timeline__middle\"><\/div><div class=\"stk-block-timeline__content\">\n<div class=\"wp-block-stackable-column stk-block-column stk-column stk-block stk-c3b18e0\" data-v=\"4\" data-block-id=\"c3b18e0\"><style>.stk-c3b18e0-container{margin-top:0px !important;margin-right:0px !important;margin-bottom:0px !important;margin-left:0px !important;}<\/style><div class=\"stk-column-wrapper stk-block-column__content stk-container stk-c3b18e0-container stk--no-background stk--no-padding\"><div class=\"stk-block-content stk-inner-blocks stk-c3b18e0-inner-blocks\">\n<div class=\"wp-block-stackable-heading stk-block-heading stk-block-heading--v2 stk-block stk-5f76cd6\" id=\"title-4-placeholder\" data-block-id=\"5f76cd6\"><style>.stk-5f76cd6 {margin-bottom:16px !important;}<\/style><h3 class=\"stk-block-heading__text\">Finalizaci\u00f3n de Inscripciones<\/h3><\/div>\n\n\n\n<div class=\"wp-block-stackable-text stk-block-text stk-block stk-b2daed7\" data-block-id=\"b2daed7\"><p class=\"stk-block-text__text\">Prep\u00e1rate para volar juntos!<\/p><\/div>\n<\/div><\/div><\/div>\n<\/div><\/div><\/div>\n\n\n\n<div class=\"wp-block-stackable-heading stk-block-heading stk-block-heading--v2 stk-block stk-98962da stk-block-background\" id=\"inicio-de-clases-regulares-piloto-privado\" data-block-id=\"98962da\"><style>.stk-98962da {background-color:var(--theme-palette-color-2, #224770) !important;margin-top:48px !important;margin-bottom:0px !important;}.stk-98962da:before{background-color:var(--theme-palette-color-2, #224770) !important;}.stk-98962da .stk-block-heading__text{color:var(--theme-palette-color-7, #F8F3F0) !important;}<\/style><h2 class=\"stk-block-heading__text has-text-color has-text-align-center\">Inicio de Clases Regulares Piloto Privado<\/h2><\/div>\n\n\n\n<div class=\"wp-block-stackable-heading stk-block-heading stk-block-heading--v2 stk-block stk-3e52d10 stk-block-background\" id=\"inicio-de-clases-regulares-piloto-privado\" data-block-id=\"3e52d10\"><style>.stk-3e52d10 {background-color:var(--theme-palette-color-2, #224770) !important;margin-top:0px !important;}.stk-3e52d10:before{background-color:var(--theme-palette-color-2, #224770) !important;}.stk-3e52d10 .stk-block-heading__text{color:var(--theme-palette-color-7, #F8F3F0) !important;}<\/style><h4 class=\"stk-block-heading__text has-text-color has-text-align-center\">Lunes 6, abril 2026<\/h4><\/div>\n<\/div><\/div><\/div>\n<\/div><\/div>\n","protected":false},"excerpt":{"rendered":"<p>Vestibular Piloto Privado Cursos &amp; Carreras Inscripci\u00f3n Vestibular Piloto Privado Inicio de Inscripciones Comienza tus sue\u00f1os con este primer paso. Finalizaci\u00f3n de Inscripciones Fecha l\u00edmite de inscripci\u00f3n. Cursos Vestibulares Piloto Privado Inicio de Vestibular Prep\u00e1rate para volar con nosotros! Finalizaci\u00f3n de Vestibulares Ahora estas preparado! Inscripci\u00f3n de Curso Regular Piloto Privado Inscripciones al Curso Regular [&hellip;]<\/p>\n","protected":false},"author":1,"featured_media":0,"parent":0,"menu_order":0,"comment_status":"closed","ping_status":"closed","template":"","meta":{"footnotes":""},"class_list":["post-1693","page","type-page","status-publish","hentry"],"blocksy_meta":{"has_hero_section":"disabled","styles_descriptor":{"styles":{"desktop":"","tablet":"","mobile":""},"google_fonts":[],"version":6}},"_links":{"self":[{"href":"https:\/\/inac.edu.bo\/wordpress\/index.php\/wp-json\/wp\/v2\/pages\/1693","targetHints":{"allow":["GET"]}}],"collection":[{"href":"https:\/\/inac.edu.bo\/wordpress\/index.php\/wp-json\/wp\/v2\/pages"}],"about":[{"href":"https:\/\/inac.edu.bo\/wordpress\/index.php\/wp-json\/wp\/v2\/types\/page"}],"author":[{"embeddable":true,"href":"https:\/\/inac.edu.bo\/wordpress\/index.php\/wp-json\/wp\/v2\/users\/1"}],"replies":[{"embeddable":true,"href":"https:\/\/inac.edu.bo\/wordpress\/index.php\/wp-json\/wp\/v2\/comments?post=1693"}],"version-history":[{"count":2,"href":"https:\/\/inac.edu.bo\/wordpress\/index.php\/wp-json\/wp\/v2\/pages\/1693\/revisions"}],"predecessor-version":[{"id":1699,"href":"https:\/\/inac.edu.bo\/wordpress\/index.php\/wp-json\/wp\/v2\/pages\/1693\/revisions\/1699"}],"wp:attachment":[{"href":"https:\/\/inac.edu.bo\/wordpress\/index.php\/wp-json\/wp\/v2\/media?parent=1693"}],"curies":[{"name":"wp","href":"https:\/\/api.w.org\/{rel}","templated":true}]}}