{"id":1716,"date":"2026-01-26T10:19:43","date_gmt":"2026-01-26T14:19:43","guid":{"rendered":"https:\/\/inac.edu.bo\/wordpress\/?page_id=1716"},"modified":"2026-05-14T14:31:37","modified_gmt":"2026-05-14T18:31:37","slug":"contratacion-2026","status":"publish","type":"page","link":"https:\/\/inac.edu.bo\/wordpress\/index.php\/contratacion-2026\/","title":{"rendered":"Contratacion 2026"},"content":{"rendered":"\n<div class=\"wp-block-stackable-columns alignfull stk-block-columns stk-block stk-6d7f4a6 stk-block-background\" id=\"heading-placeholder\" data-block-id=\"6d7f4a6\"><style>.stk-6d7f4a6 .stk--block-align-6d7f4a6{align-items:stretch !important;}.stk-6d7f4a6 {padding-top:var(--stk--preset--spacing--70, 3.38rem) !important;padding-right:var(--stk--preset--spacing--70, 3.38rem) !important;padding-bottom:var(--stk--preset--spacing--70, 3.38rem) !important;padding-left:var(--stk--preset--spacing--70, 3.38rem) !important;}.stk-6d7f4a6-column{flex-wrap:wrap !important;--stk-flex-grow:0 !important;row-gap:0px !important;}<\/style><div class=\"stk-row stk-inner-blocks has-text-align-right stk--block-align-6d7f4a6 stk-block-content stk-content-align stk-6d7f4a6-column\">\n<div class=\"wp-block-stackable-column stk-block-column stk-column stk-block stk-03fb162\" data-v=\"4\" data-block-id=\"03fb162\"><style>.stk-03fb162-inner-blocks{justify-content:center !important;}.stk-03fb162-container{background-image:url(https:\/\/inac.edu.bo\/wordpress\/wp-content\/uploads\/2025\/07\/MetApoyo01-B.jpg) !important;}.stk-03fb162-container:before{background-color:#000000 !important;opacity:0.4 !important;}<\/style><div class=\"stk-column-wrapper stk-block-column__content stk-container stk-03fb162-container stk-hover-parent stk--has-background-overlay\"><div class=\"stk--column-flex stk-block-content stk-inner-blocks stk-03fb162-inner-blocks\">\n<div class=\"wp-block-stackable-heading stk-block-heading stk-block-heading--v2 stk-block stk-b47b5fb\" id=\"heading-placeholder\" data-block-id=\"b47b5fb\"><style>.stk-b47b5fb .stk-block-heading__text{color:#ffffff !important;}<\/style><h2 class=\"stk-block-heading__text has-text-color\">Contrataci\u00f3n de Instructores Externos<\/h2><\/div>\n\n\n\n<div class=\"wp-block-stackable-text stk-block-text stk-block stk-13e5118\" id=\"heading-placeholder\" data-block-id=\"13e5118\"><style>.stk-13e5118 .stk-block-text__text{color:#ffffff !important;}<\/style><p class=\"stk-block-text__text has-text-color\">Gesti\u00f3n 2026<\/p><\/div>\n<\/div><\/div><\/div>\n<\/div><\/div>\n\n\n\n<div data-wp-interactive=\"core\/file\" class=\"wp-block-file\"><object data-wp-bind--hidden=\"!state.hasPdfPreview\" hidden class=\"wp-block-file__embed\" data=\"https:\/\/inac.edu.bo\/wordpress\/wp-content\/uploads\/2026\/01\/CONTRATACION-DE-INSTRUCTORES.pdf\" type=\"application\/pdf\" style=\"width:100%;height:600px\" aria-label=\"Incrustado de CONTRATACION DE INSTRUCTORES.\"><\/object><a id=\"wp-block-file--media-211565da-31bb-48b6-836f-1cf6fd1c0adb\" href=\"https:\/\/inac.edu.bo\/wordpress\/wp-content\/uploads\/2026\/01\/CONTRATACION-DE-INSTRUCTORES.pdf\">CONTRATACION DE INSTRUCTORES<\/a><a href=\"https:\/\/inac.edu.bo\/wordpress\/wp-content\/uploads\/2026\/01\/CONTRATACION-DE-INSTRUCTORES.pdf\" class=\"wp-block-file__button wp-element-button\" download aria-describedby=\"wp-block-file--media-211565da-31bb-48b6-836f-1cf6fd1c0adb\">Descarga<\/a><\/div>\n\n\n\n<div class=\"wp-block-stackable-columns alignfull stk-block-columns stk-block stk-58e0950 stk-block-background\" data-block-id=\"58e0950\"><div class=\"stk-row stk-inner-blocks stk-block-content stk-content-align stk-58e0950-column\">\n<div class=\"wp-block-stackable-column stk-block-column stk-column stk-block stk-4a5e4a4\" data-v=\"4\" data-block-id=\"4a5e4a4\"><div class=\"stk-column-wrapper stk-block-column__content stk-container stk-4a5e4a4-container stk--no-background stk--no-padding\"><div class=\"stk-block-content stk-inner-blocks stk-4a5e4a4-inner-blocks\">\n<div class=\"wp-block-stackable-heading stk-block-heading stk-block-heading--v2 stk-block stk-eeffe28\" id=\"requisitos-obligatorios\" data-block-id=\"eeffe28\"><h2 class=\"stk-block-heading__text\">Requisitos Obligatorios:<\/h2><\/div>\n\n\n\n<div class=\"wp-block-stackable-icon-label stk-block-icon-label stk-block stk-ae17faa\" data-block-id=\"ae17faa\"><div class=\"stk-row stk-inner-blocks stk-block-content\">\n<div class=\"wp-block-stackable-icon stk-block-icon has-text-align-left stk-block stk-a4522f7\" data-block-id=\"a4522f7\"><span class=\"stk--svg-wrapper\"><div class=\"stk--inner-svg\"><svg style=\"height:0;width:0\"><defs><linearGradient id=\"linear-gradient-a4522f7\" x1=\"0\" x2=\"100%\" y1=\"0\" y2=\"0\"><stop offset=\"0%\" style=\"stop-opacity:1;stop-color:var(--linear-gradient-a-4522-f-7-color-1)\"><\/stop><stop offset=\"100%\" style=\"stop-opacity:1;stop-color:var(--linear-gradient-a-4522-f-7-color-2)\"><\/stop><\/linearGradient><\/defs><\/svg><svg data-prefix=\"fa\" data-icon=\"star\" class=\"svg-inline--fa fa-star fa-w-18\" xmlns=\"http:\/\/www.w3.org\/2000\/svg\" viewBox=\"0 0 576 512\" aria-hidden=\"true\" width=\"32\" height=\"32\"><path fill=\"currentColor\" d=\"M259.3 17.8L194 150.2 47.9 171.5c-26.2 3.8-36.7 36.1-17.7 54.6l105.7 103-25 145.5c-4.5 26.3 23.2 46 46.4 33.7L288 439.6l130.7 68.7c23.2 12.2 50.9-7.4 46.4-33.7l-25-145.5 105.7-103c19-18.5 8.5-50.8-17.7-54.6L382 150.2 316.7 17.8c-11.7-23.6-45.6-23.9-57.4 0z\"><\/path><\/svg><\/div><\/span><\/div>\n\n\n\n<div class=\"wp-block-stackable-heading stk-block-heading stk-block-heading--v2 stk-block stk-001fb2d\" id=\"title-1-placeholder\" data-block-id=\"001fb2d\"><h5 class=\"stk-block-heading__text\">Contar con el curso \u201cT\u00e9cnicas de Instrucci\u00f3n\u201d vigente.<\/h5><\/div>\n<\/div><\/div>\n\n\n\n<div class=\"wp-block-stackable-icon-label stk-block-icon-label stk-block stk-da5d902\" data-block-id=\"da5d902\"><div class=\"stk-row stk-inner-blocks stk-block-content\">\n<div class=\"wp-block-stackable-icon stk-block-icon has-text-align-left stk-block stk-67f2abd\" data-block-id=\"67f2abd\"><span class=\"stk--svg-wrapper\"><div class=\"stk--inner-svg\"><svg style=\"height:0;width:0\"><defs><linearGradient id=\"linear-gradient-67f2abd\" x1=\"0\" x2=\"100%\" y1=\"0\" y2=\"0\"><stop offset=\"0%\" style=\"stop-opacity:1;stop-color:var(--linear-gradient-67-f-2-abd-color-1)\"><\/stop><stop offset=\"100%\" style=\"stop-opacity:1;stop-color:var(--linear-gradient-67-f-2-abd-color-2)\"><\/stop><\/linearGradient><\/defs><\/svg><svg data-prefix=\"fa\" data-icon=\"star\" class=\"svg-inline--fa fa-star fa-w-18\" xmlns=\"http:\/\/www.w3.org\/2000\/svg\" viewBox=\"0 0 576 512\" aria-hidden=\"true\" width=\"32\" height=\"32\"><path fill=\"currentColor\" d=\"M259.3 17.8L194 150.2 47.9 171.5c-26.2 3.8-36.7 36.1-17.7 54.6l105.7 103-25 145.5c-4.5 26.3 23.2 46 46.4 33.7L288 439.6l130.7 68.7c23.2 12.2 50.9-7.4 46.4-33.7l-25-145.5 105.7-103c19-18.5 8.5-50.8-17.7-54.6L382 150.2 316.7 17.8c-11.7-23.6-45.6-23.9-57.4 0z\"><\/path><\/svg><\/div><\/span><\/div>\n\n\n\n<div class=\"wp-block-stackable-heading stk-block-heading stk-block-heading--v2 stk-block stk-5bb7229\" id=\"title-2-placeholder\" data-block-id=\"5bb7229\"><h5 class=\"stk-block-heading__text\">2 a\u00f1os de experiencia relacionada a la materia a impartir.<\/h5><\/div>\n<\/div><\/div>\n\n\n\n<div class=\"wp-block-stackable-icon-label stk-block-icon-label stk-block stk-52e7847\" data-block-id=\"52e7847\"><div class=\"stk-row stk-inner-blocks stk-block-content\">\n<div class=\"wp-block-stackable-icon stk-block-icon has-text-align-left stk-block stk-0a18fd4\" data-block-id=\"0a18fd4\"><span class=\"stk--svg-wrapper\"><div class=\"stk--inner-svg\"><svg style=\"height:0;width:0\"><defs><linearGradient id=\"linear-gradient-0a18fd4\" x1=\"0\" x2=\"100%\" y1=\"0\" y2=\"0\"><stop offset=\"0%\" style=\"stop-opacity:1;stop-color:var(--linear-gradient-0-a-18-fd-4-color-1)\"><\/stop><stop offset=\"100%\" style=\"stop-opacity:1;stop-color:var(--linear-gradient-0-a-18-fd-4-color-2)\"><\/stop><\/linearGradient><\/defs><\/svg><svg data-prefix=\"fa\" data-icon=\"star\" class=\"svg-inline--fa fa-star fa-w-18\" xmlns=\"http:\/\/www.w3.org\/2000\/svg\" viewBox=\"0 0 576 512\" aria-hidden=\"true\" width=\"32\" height=\"32\"><path fill=\"currentColor\" d=\"M259.3 17.8L194 150.2 47.9 171.5c-26.2 3.8-36.7 36.1-17.7 54.6l105.7 103-25 145.5c-4.5 26.3 23.2 46 46.4 33.7L288 439.6l130.7 68.7c23.2 12.2 50.9-7.4 46.4-33.7l-25-145.5 105.7-103c19-18.5 8.5-50.8-17.7-54.6L382 150.2 316.7 17.8c-11.7-23.6-45.6-23.9-57.4 0z\"><\/path><\/svg><\/div><\/span><\/div>\n\n\n\n<div class=\"wp-block-stackable-heading stk-block-heading stk-block-heading--v2 stk-block stk-b174e2a\" id=\"title-3-placeholder\" data-block-id=\"b174e2a\"><h5 class=\"stk-block-heading__text\">Carta de Postulaci\u00f3n indicando la carrera(s) y materia(s) a la que postula.<\/h5><\/div>\n<\/div><\/div>\n\n\n\n<div class=\"wp-block-stackable-icon-label stk-block-icon-label stk-block stk-574ea08\" data-block-id=\"574ea08\"><div class=\"stk-row stk-inner-blocks stk-block-content\">\n<div class=\"wp-block-stackable-icon stk-block-icon has-text-align-left stk-block stk-89ba0a5\" data-block-id=\"89ba0a5\"><span class=\"stk--svg-wrapper\"><div class=\"stk--inner-svg\"><svg style=\"height:0;width:0\"><defs><linearGradient id=\"linear-gradient-89ba0a5\" x1=\"0\" x2=\"100%\" y1=\"0\" y2=\"0\"><stop offset=\"0%\" style=\"stop-opacity:1;stop-color:var(--linear-gradient-89-ba-0-a-5-color-1)\"><\/stop><stop offset=\"100%\" style=\"stop-opacity:1;stop-color:var(--linear-gradient-89-ba-0-a-5-color-2)\"><\/stop><\/linearGradient><\/defs><\/svg><svg data-prefix=\"fa\" data-icon=\"star\" class=\"svg-inline--fa fa-star fa-w-18\" xmlns=\"http:\/\/www.w3.org\/2000\/svg\" viewBox=\"0 0 576 512\" aria-hidden=\"true\" width=\"32\" height=\"32\"><path fill=\"currentColor\" d=\"M259.3 17.8L194 150.2 47.9 171.5c-26.2 3.8-36.7 36.1-17.7 54.6l105.7 103-25 145.5c-4.5 26.3 23.2 46 46.4 33.7L288 439.6l130.7 68.7c23.2 12.2 50.9-7.4 46.4-33.7l-25-145.5 105.7-103c19-18.5 8.5-50.8-17.7-54.6L382 150.2 316.7 17.8c-11.7-23.6-45.6-23.9-57.4 0z\"><\/path><\/svg><\/div><\/span><\/div>\n\n\n\n<div class=\"wp-block-stackable-heading stk-block-heading stk-block-heading--v2 stk-block stk-16d5db0\" id=\"title-3-placeholder\" data-block-id=\"16d5db0\"><h5 class=\"stk-block-heading__text\">Presenta tu postulaci\u00f3n para ser parte de nuestro equipo de instructores.<\/h5><\/div>\n<\/div><\/div>\n<\/div><\/div><\/div>\n<\/div><\/div>\n","protected":false},"excerpt":{"rendered":"<p>Contrataci\u00f3n de Instructores Externos Gesti\u00f3n 2026 Requisitos Obligatorios: Contar con el curso \u201cT\u00e9cnicas de Instrucci\u00f3n\u201d vigente. 2 a\u00f1os de experiencia relacionada a la materia a impartir. Carta de Postulaci\u00f3n indicando la carrera(s) y materia(s) a la que postula. Presenta tu postulaci\u00f3n para ser parte de nuestro equipo de instructores.<\/p>\n","protected":false},"author":1,"featured_media":0,"parent":0,"menu_order":0,"comment_status":"closed","ping_status":"closed","template":"","meta":{"footnotes":""},"class_list":["post-1716","page","type-page","status-publish","hentry"],"blocksy_meta":{"has_hero_section":"disabled","styles_descriptor":{"styles":{"desktop":"","tablet":"","mobile":""},"google_fonts":[],"version":6}},"_links":{"self":[{"href":"https:\/\/inac.edu.bo\/wordpress\/index.php\/wp-json\/wp\/v2\/pages\/1716","targetHints":{"allow":["GET"]}}],"collection":[{"href":"https:\/\/inac.edu.bo\/wordpress\/index.php\/wp-json\/wp\/v2\/pages"}],"about":[{"href":"https:\/\/inac.edu.bo\/wordpress\/index.php\/wp-json\/wp\/v2\/types\/page"}],"author":[{"embeddable":true,"href":"https:\/\/inac.edu.bo\/wordpress\/index.php\/wp-json\/wp\/v2\/users\/1"}],"replies":[{"embeddable":true,"href":"https:\/\/inac.edu.bo\/wordpress\/index.php\/wp-json\/wp\/v2\/comments?post=1716"}],"version-history":[{"count":12,"href":"https:\/\/inac.edu.bo\/wordpress\/index.php\/wp-json\/wp\/v2\/pages\/1716\/revisions"}],"predecessor-version":[{"id":1934,"href":"https:\/\/inac.edu.bo\/wordpress\/index.php\/wp-json\/wp\/v2\/pages\/1716\/revisions\/1934"}],"wp:attachment":[{"href":"https:\/\/inac.edu.bo\/wordpress\/index.php\/wp-json\/wp\/v2\/media?parent=1716"}],"curies":[{"name":"wp","href":"https:\/\/api.w.org\/{rel}","templated":true}]}}